{"id":184,"date":"2020-11-22T12:00:23","date_gmt":"2020-11-22T12:00:23","guid":{"rendered":"http:\/\/tanzt-kinder.de\/?page_id=184"},"modified":"2023-06-15T12:10:17","modified_gmt":"2023-06-15T10:10:17","slug":"fortbildung-fuer-erzieherinnen","status":"publish","type":"page","link":"http:\/\/tanzt-kinder.de\/?page_id=184","title":{"rendered":"Fortbildung f\u00fcr Erzieher*innen"},"content":{"rendered":"\n<blockquote class=\"wp-block-quote is-layout-flow wp-block-quote-is-layout-flow\"><p>&#8222;Kinder lieben M\u00e4rchen und Bilderb\u00fccher. Der Kurs gibt Impulse, um die Texte auf eine sehr einfache und spontane Art und Weise in Bewegung und Tanz umzusetzen und mit unterst\u00fctzenden Musik in den Kita-Alltag einzubauen.&#8220;<\/p><\/blockquote>\n\n\n\n<p>Zielgruppe: Erzieher*innen, die mit Kindern im Alter von 4-6 Jahren arbeiten.<\/p>\n\n\n\n<p><strong>Information bei&nbsp;Heidi Olech<\/strong>&nbsp;| Tanzp\u00e4dagogin, Berlin<br>email:&nbsp;<a href=\"mailto:bewegungszeit@gmx.de\">bewegungszeit@gmx.de<\/a>&nbsp;|&nbsp;<a href=\"http:\/\/www.tanzt-kinder.de\/\">www.tanzt-kinder.de<\/a>&nbsp;| tel: +49 30 76765385<\/p>\n\n\n\n<p><strong>M\u00e4rchen und Bilderb\u00fccher tanzend erleben<\/strong><\/p>\n\n\n\n<p>Kinder lieben Geschichten, Erz\u00e4hlungen, M\u00e4rchen, Fabeln. Im Laufe meiner langj\u00e4hrigen Erfahrung als Tanzp\u00e4dagogin \/T\u00e4nzerin konnte ich immer wieder beobachten, wie intensiv Phantasie und Kreativit\u00e4t der Kinder durch Bewegung angeregt werden, sie erleben tanzend die Abenteuer ihrer Held*innen.<\/p>\n\n\n\n<p>Der Tanz gibt ihnen \u00fcberdies die M\u00f6glichkeit, unterschiedliche Bewegungsqualit\u00e4ten wie z.B sanft, kraftvoll, schwach, mutig &#8211; zu ersp\u00fcren und dadurch die eigenen Emotionen und Stimmungen kennenzulernen und auszudr\u00fccken.<\/p>\n\n\n\n<p>Alles hat seinen Platz, niemand beurteilt, ob der Ausdruck gut oder schlecht ist, es geht mir um Polarit\u00e4t, Klarheit, Einfachheit und um die M\u00f6glichkeit, einen t\u00e4nzerischen Rahmen anzubieten in dem Entfaltung, Lebendigkeit zum Ausdruck kommen k\u00f6nnen.<\/p>\n\n\n\n<p>Anhand von ausgew\u00e4hlten M\u00e4rchen und Bilderb\u00fcchern, aber auch von mir selbst entwickelten Geschichten m\u00f6chte ich Impulse geben, wie die Geschichten auf eine sehr einfache und spontane Art und Weise in Bewegung und Tanz umgesetzt werden k\u00f6nnen und in Verbindung mit einer ebenfalls speziellen Musik von den Erzieher*innen in den Kita-Alltag eingebaut werden k\u00f6nnen.<\/p>\n\n\n\n<p>Im Zentrum der Fortbildung stehen Anregungen, wie spontane Tanzmomente, strukturierte Improvisation, sowie kleine Choreographien erarbeitet werden k\u00f6nnen, aber selbstverst\u00e4ndlich auch, wie eine komplette Auff\u00fchrung zu gestalten ist. Das spontane eigene Erleben steht stets im Vordergrund meiner Arbeit und immer wieder konnte ich dabei beobachten, welche erfrischende Lebendigkeit durch Bewegung und Tanz entsteht und welcher Zauber dadurch in der Luft liegt \u2013 f\u00fcr die Kinder, aber auch f\u00fcr die Erzieher*innen \/ P\u00e4dagog*innen.<\/p>\n","protected":false},"excerpt":{"rendered":"<p>&#8222;Kinder lieben M\u00e4rchen und Bilderb\u00fccher. Der Kurs gibt Impulse, um die Texte auf eine sehr einfache und spontane Art und Weise in Bewegung und Tanz umzusetzen und mit unterst\u00fctzenden Musik in den Kita-Alltag einzubauen.&#8220; Zielgruppe: Erzieher*innen, die mit Kindern im Alter von 4-6 Jahren arbeiten. Information bei&nbsp;Heidi Olech&nbsp;| Tanzp\u00e4dagogin, Berlinemail:&nbsp;bewegungszeit@gmx.de&nbsp;|&nbsp;www.tanzt-kinder.de&nbsp;| tel: +49 30 76765385 M\u00e4rchen &hellip; <\/p>\n<p class=\"link-more\"><a href=\"http:\/\/tanzt-kinder.de\/?page_id=184\" class=\"more-link\"><span class=\"screen-reader-text\">\u201eFortbildung f\u00fcr Erzieher*innen\u201c<\/span> weiterlesen<\/a><\/p>\n","protected":false},"author":1,"featured_media":185,"parent":6,"menu_order":10,"comment_status":"closed","ping_status":"closed","template":"","meta":{"footnotes":""},"jetpack_sharing_enabled":true,"_links":{"self":[{"href":"http:\/\/tanzt-kinder.de\/index.php?rest_route=\/wp\/v2\/pages\/184"}],"collection":[{"href":"http:\/\/tanzt-kinder.de\/index.php?rest_route=\/wp\/v2\/pages"}],"about":[{"href":"http:\/\/tanzt-kinder.de\/index.php?rest_route=\/wp\/v2\/types\/page"}],"author":[{"embeddable":true,"href":"http:\/\/tanzt-kinder.de\/index.php?rest_route=\/wp\/v2\/users\/1"}],"replies":[{"embeddable":true,"href":"http:\/\/tanzt-kinder.de\/index.php?rest_route=%2Fwp%2Fv2%2Fcomments&post=184"}],"version-history":[{"count":9,"href":"http:\/\/tanzt-kinder.de\/index.php?rest_route=\/wp\/v2\/pages\/184\/revisions"}],"predecessor-version":[{"id":519,"href":"http:\/\/tanzt-kinder.de\/index.php?rest_route=\/wp\/v2\/pages\/184\/revisions\/519"}],"up":[{"embeddable":true,"href":"http:\/\/tanzt-kinder.de\/index.php?rest_route=\/wp\/v2\/pages\/6"}],"wp:featuredmedia":[{"embeddable":true,"href":"http:\/\/tanzt-kinder.de\/index.php?rest_route=\/wp\/v2\/media\/185"}],"wp:attachment":[{"href":"http:\/\/tanzt-kinder.de\/index.php?rest_route=%2Fwp%2Fv2%2Fmedia&parent=184"}],"curies":[{"name":"wp","href":"https:\/\/api.w.org\/{rel}","templated":true}]}}

Fortbildung für Erzieher*innen

<blockquote class="wp-block-quote is-layout-flow wp-block-quote-is-layout-flow"><p>&#8222;Kinder lieben Märchen und Bilderbücher. Der Kurs gibt Impulse, um die Texte auf eine sehr einfache und spontane Art und Weise in Bewegung und Tanz umzusetzen und mit unterstützenden Musik in den Kita-Alltag einzubauen.&#8220;</p></blockquote>



<p>Zielgruppe: Erzieher*innen, die mit Kindern im Alter von 4-6 Jahren arbeiten.</p>



<p><strong>Information bei&nbsp;Heidi Olech</strong>&nbsp;| Tanzpädagogin, Berlin<br>email:&nbsp;<a href="mailto:bewegungszeit@gmx.de">bewegungszeit@gmx.de</a>&nbsp;|&nbsp;<a href="http://www.tanzt-kinder.de/">www.tanzt-kinder.de</a>&nbsp;| tel: +49 30 76765385</p>



<p><strong>Märchen und Bilderbücher tanzend erleben</strong></p>



<p>Kinder lieben Geschichten, Erzählungen, Märchen, Fabeln. Im Laufe meiner langjährigen Erfahrung als Tanzpädagogin /Tänzerin konnte ich immer wieder beobachten, wie intensiv Phantasie und Kreativität der Kinder durch Bewegung angeregt werden, sie erleben tanzend die Abenteuer ihrer Held*innen.</p>



<p>Der Tanz gibt ihnen überdies die Möglichkeit, unterschiedliche Bewegungsqualitäten wie z.B sanft, kraftvoll, schwach, mutig &#8211; zu erspüren und dadurch die eigenen Emotionen und Stimmungen kennenzulernen und auszudrücken.</p>



<p>Alles hat seinen Platz, niemand beurteilt, ob der Ausdruck gut oder schlecht ist, es geht mir um Polarität, Klarheit, Einfachheit und um die Möglichkeit, einen tänzerischen Rahmen anzubieten in dem Entfaltung, Lebendigkeit zum Ausdruck kommen können.</p>



<p>Anhand von ausgewählten Märchen und Bilderbüchern, aber auch von mir selbst entwickelten Geschichten möchte ich Impulse geben, wie die Geschichten auf eine sehr einfache und spontane Art und Weise in Bewegung und Tanz umgesetzt werden können und in Verbindung mit einer ebenfalls speziellen Musik von den Erzieher*innen in den Kita-Alltag eingebaut werden können.</p>



<p>Im Zentrum der Fortbildung stehen Anregungen, wie spontane Tanzmomente, strukturierte Improvisation, sowie kleine Choreographien erarbeitet werden können, aber selbstverständlich auch, wie eine komplette Aufführung zu gestalten ist. Das spontane eigene Erleben steht stets im Vordergrund meiner Arbeit und immer wieder konnte ich dabei beobachten, welche erfrischende Lebendigkeit durch Bewegung und Tanz entsteht und welcher Zauber dadurch in der Luft liegt – für die Kinder, aber auch für die Erzieher*innen / Pädagog*innen.</p>

<p>&#8222;Kinder lieben Märchen und Bilderbücher. Der Kurs gibt Impulse, um die Texte auf eine sehr einfache und spontane Art und Weise in Bewegung und Tanz umzusetzen und mit unterstützenden Musik in den Kita-Alltag einzubauen.&#8220; Zielgruppe: Erzieher*innen, die mit Kindern im Alter von 4-6 Jahren arbeiten. Information bei&nbsp;Heidi Olech&nbsp;| Tanzpädagogin, Berlinemail:&nbsp;bewegungszeit@gmx.de&nbsp;|&nbsp;www.tanzt-kinder.de&nbsp;| tel: +49 30 76765385 Märchen &hellip; </p>
<p class="link-more"><a href="http://tanzt-kinder.de/?page_id=184" class="more-link"><span class="screen-reader-text">„Fortbildung für Erzieher*innen“</span> weiterlesen</a></p>
