{"id":22,"date":"2020-06-24T14:16:01","date_gmt":"2020-06-24T14:16:01","guid":{"rendered":"http:\/\/tanzt-kinder.de\/?page_id=22"},"modified":"2021-10-22T20:22:03","modified_gmt":"2021-10-22T20:22:03","slug":"tanz-fuer-kindergaerten","status":"publish","type":"page","link":"http:\/\/tanzt-kinder.de\/?page_id=22","title":{"rendered":"Tanz f\u00fcr Kinderg\u00e4rten"},"content":{"rendered":"\n<p><strong>Rhythmus \u2013 Tanz \u2013 Bewegung<\/strong><\/p>\n\n\n\n<p>Kinder bewegen sich sehr fr\u00fch zur Musik. Sie drehen sich, h\u00fcpfen, springen und haben Spa\u00df&nbsp;daran. Es ist ihr erstes eigenes Tanzen. Diese Begeisterung m\u00f6chte ich erhalten, unterst\u00fctzen und f\u00f6rdern.<\/p>\n\n\n\n<p>Tanzen bedeutet auch lustvoll und kreativ zu lernen und ist entscheidend f\u00fcr viele Lernprozesse. Indem Kinder tanzen und sich bewegen, lernen sie z. B. wo und wie sie sich im Raum befinden. Sie gewinnen Sicherheit und Geschicklichkeit, bei immer wieder neuen, altersgerechten Tanz- und Bewegungsabl\u00e4ufen. Sie lernen durch Bewegung.<\/p>\n\n\n\n<p><strong>Bausteine meines Unterrichtes:<\/strong><\/p>\n\n\n\n<ol><li>Die \u201eLaban\u201c-Bewegungsstudien: Seine Studien erfassen Bewegung in ihrer Vielschichtigkeit und unterteilt sie in r\u00e4umliche, dynamische, formver\u00e4ndernde und k\u00f6rperliche Aspekte. Dieses System ist ein klares und konkretes Handwerkszeug f\u00fcr meinen Unterricht.<br><\/li><li>Die Umsetzung von Geschichten mit Musik und Tanz.<br><\/li><li>Vermittlung einer guten K\u00f6rperwahrnehmung mit altersgerechten \u00dcbungen<br>und Bildern.<\/li><\/ol>\n\n\n\n<p><\/p>\n\n\n\n<p><strong>Inhalte meines Unterrichtes:<\/strong><br>\u2013 elementare Tanzthemen nach \u201eLaban\u201c<br>\u2013 Musik,&nbsp;Bewegung und Rhythmus<br>\u2013&nbsp;Tanz- und Bewegungslieder<br>\u2013 einfache Kreist\u00e4nze<br>\u2013 Bewegungsforschung<br>\u2013 Sensibilisierung und K\u00f6rperbewu\u00dftsein<br>\u2013 Yoga<br>\u2013 Forbewegungsarbeiten der Tiere<br>\u2013 Tanzen mit unterschiedlichen Materialien<br>\u2013 Miteinander Absprachen treffen<\/p>\n\n\n\n<p><strong>F\u00fcr Kita-Gruppen biete ich Kurse \u00fcber die Leo Kestenberg Musikschule und auch privat an. Bitte sprechen Sie mich bei Interesse an.<\/strong><\/p>\n","protected":false},"excerpt":{"rendered":"<p>Rhythmus \u2013 Tanz \u2013 Bewegung Kinder bewegen sich sehr fr\u00fch zur Musik. Sie drehen sich, h\u00fcpfen, springen und haben Spa\u00df&nbsp;daran. Es ist ihr erstes eigenes Tanzen. Diese Begeisterung m\u00f6chte ich erhalten, unterst\u00fctzen und f\u00f6rdern. Tanzen bedeutet auch lustvoll und kreativ zu lernen und ist entscheidend f\u00fcr viele Lernprozesse. Indem Kinder tanzen und sich bewegen, lernen &hellip; <\/p>\n<p class=\"link-more\"><a href=\"http:\/\/tanzt-kinder.de\/?page_id=22\" class=\"more-link\"><span class=\"screen-reader-text\">\u201eTanz f\u00fcr Kinderg\u00e4rten\u201c<\/span> weiterlesen<\/a><\/p>\n","protected":false},"author":1,"featured_media":65,"parent":6,"menu_order":4,"comment_status":"closed","ping_status":"closed","template":"","meta":{"footnotes":""},"jetpack_sharing_enabled":true,"_links":{"self":[{"href":"http:\/\/tanzt-kinder.de\/index.php?rest_route=\/wp\/v2\/pages\/22"}],"collection":[{"href":"http:\/\/tanzt-kinder.de\/index.php?rest_route=\/wp\/v2\/pages"}],"about":[{"href":"http:\/\/tanzt-kinder.de\/index.php?rest_route=\/wp\/v2\/types\/page"}],"author":[{"embeddable":true,"href":"http:\/\/tanzt-kinder.de\/index.php?rest_route=\/wp\/v2\/users\/1"}],"replies":[{"embeddable":true,"href":"http:\/\/tanzt-kinder.de\/index.php?rest_route=%2Fwp%2Fv2%2Fcomments&post=22"}],"version-history":[{"count":6,"href":"http:\/\/tanzt-kinder.de\/index.php?rest_route=\/wp\/v2\/pages\/22\/revisions"}],"predecessor-version":[{"id":346,"href":"http:\/\/tanzt-kinder.de\/index.php?rest_route=\/wp\/v2\/pages\/22\/revisions\/346"}],"up":[{"embeddable":true,"href":"http:\/\/tanzt-kinder.de\/index.php?rest_route=\/wp\/v2\/pages\/6"}],"wp:featuredmedia":[{"embeddable":true,"href":"http:\/\/tanzt-kinder.de\/index.php?rest_route=\/wp\/v2\/media\/65"}],"wp:attachment":[{"href":"http:\/\/tanzt-kinder.de\/index.php?rest_route=%2Fwp%2Fv2%2Fmedia&parent=22"}],"curies":[{"name":"wp","href":"https:\/\/api.w.org\/{rel}","templated":true}]}}