{"id":25,"date":"2020-06-24T14:17:49","date_gmt":"2020-06-24T14:17:49","guid":{"rendered":"http:\/\/tanzt-kinder.de\/?page_id=25"},"modified":"2020-06-24T14:55:55","modified_gmt":"2020-06-24T14:55:55","slug":"kreativer-tanz-fuer-kinder-ab-8-jahren","status":"publish","type":"page","link":"http:\/\/tanzt-kinder.de\/?page_id=25","title":{"rendered":"Kreativer Tanz f\u00fcr Kinder ab 8 Jahren"},"content":{"rendered":"\n<p>In dieser Altersgruppe steht die Gestaltung von T\u00e4nzen und Tanzsequenzen, in welche die Ideen der Kinder mit einflie\u00dfen, im Vordergrund. Die Kinder lernen, Absprachen zu treffen und selbst\u00e4ndig Aufgaben durchzuf\u00fchren. Die tanztechnischen&nbsp;\u00dcbungen sind der Altersgruppe angepa\u00dft.&nbsp;<\/p>\n\n\n\n<p>Elemente aus anderen Tanzformen wie Hip Hop, Zeitgen\u00f6ssischer Tanz und Zirkustanz k\u00f6nnen in der Unterrichtsstunde ihren Platz finden und in die Choreografie mit einbezogen werden. Die Kinder bekommen die M\u00f6glichkeit, Ideen t\u00e4nzerisch umzusetzen und erweitern somit ihr Bewe-gungsrepertoire und ihre Ausdrucksvielfalt.<\/p>\n","protected":false},"excerpt":{"rendered":"<p>In dieser Altersgruppe steht die Gestaltung von T\u00e4nzen und Tanzsequenzen, in welche die Ideen der Kinder mit einflie\u00dfen, im Vordergrund. Die Kinder lernen, Absprachen zu treffen und selbst\u00e4ndig Aufgaben durchzuf\u00fchren. Die tanztechnischen&nbsp;\u00dcbungen sind der Altersgruppe angepa\u00dft.&nbsp; Elemente aus anderen Tanzformen wie Hip Hop, Zeitgen\u00f6ssischer Tanz und Zirkustanz k\u00f6nnen in der Unterrichtsstunde ihren Platz finden und &hellip; <\/p>\n<p class=\"link-more\"><a href=\"http:\/\/tanzt-kinder.de\/?page_id=25\" class=\"more-link\"><span class=\"screen-reader-text\">\u201eKreativer Tanz f\u00fcr Kinder ab 8 Jahren\u201c<\/span> weiterlesen<\/a><\/p>\n","protected":false},"author":1,"featured_media":70,"parent":6,"menu_order":5,"comment_status":"closed","ping_status":"closed","template":"","meta":{"footnotes":""},"jetpack_sharing_enabled":true,"_links":{"self":[{"href":"http:\/\/tanzt-kinder.de\/index.php?rest_route=\/wp\/v2\/pages\/25"}],"collection":[{"href":"http:\/\/tanzt-kinder.de\/index.php?rest_route=\/wp\/v2\/pages"}],"about":[{"href":"http:\/\/tanzt-kinder.de\/index.php?rest_route=\/wp\/v2\/types\/page"}],"author":[{"embeddable":true,"href":"http:\/\/tanzt-kinder.de\/index.php?rest_route=\/wp\/v2\/users\/1"}],"replies":[{"embeddable":true,"href":"http:\/\/tanzt-kinder.de\/index.php?rest_route=%2Fwp%2Fv2%2Fcomments&post=25"}],"version-history":[{"count":4,"href":"http:\/\/tanzt-kinder.de\/index.php?rest_route=\/wp\/v2\/pages\/25\/revisions"}],"predecessor-version":[{"id":95,"href":"http:\/\/tanzt-kinder.de\/index.php?rest_route=\/wp\/v2\/pages\/25\/revisions\/95"}],"up":[{"embeddable":true,"href":"http:\/\/tanzt-kinder.de\/index.php?rest_route=\/wp\/v2\/pages\/6"}],"wp:featuredmedia":[{"embeddable":true,"href":"http:\/\/tanzt-kinder.de\/index.php?rest_route=\/wp\/v2\/media\/70"}],"wp:attachment":[{"href":"http:\/\/tanzt-kinder.de\/index.php?rest_route=%2Fwp%2Fv2%2Fmedia&parent=25"}],"curies":[{"name":"wp","href":"https:\/\/api.w.org\/{rel}","templated":true}]}}