{"id":2,"date":"2016-05-10T03:48:21","date_gmt":"2016-05-10T03:48:21","guid":{"rendered":"http:\/\/tanzt-kinder.de\/?page_id=2"},"modified":"2020-06-24T17:34:09","modified_gmt":"2020-06-24T17:34:09","slug":"sample-page","status":"publish","type":"page","link":"https:\/\/tanzt-kinder.de\/","title":{"rendered":"Start"},"content":{"rendered":"<p>Kinder bewegen sich sehr fr\u00fch zur Musik. Sie drehen sich, h\u00fcpfen, springen und haben Spa\u00df daran. Es ist ihr erstes eigenes Tanzen. Mir liegt es am Herzen, diese kindliche Freude an der Bewegung auf eine ganz t\u00e4nzerische Art und Weise zu unterst\u00fctzen und zu f\u00f6rdern. Ich m\u00f6chte, dass die Kinder ihr eigenes vorhandenes t\u00e4nzerisches Potential entfalten k\u00f6nnen.\u00a0<\/p>\n<p>Tanzen unterst\u00fctzt die eigene Pers\u00f6nlichkeitsentwicklung. Ein Baustein in\u00a0dieser Entwicklung\u00a0ist die Selbsteinsch\u00e4tzung.\u00a0<\/p>\n<p>Indem die Kinder tanzen, erleben sie den Raum, die Fortbewegung, den Rhythmus, die Zeit, die Dynamik und das Miteinander. Sie entwickeln ein Bewusstsein f\u00fcr sich und ihren K\u00f6rper.<\/p>\n<p>Tanzen erweitert die Ausdrucks- und Bewegungsvielfalt. Grundlage meines Unterrichts ist das LABAN System. Labans Erkenntnisse und die daraus entwickelte Choreologie sind Handwerkszeug, das Bewegungsrepertoire der Kinder zu erweitern, sie in ihrer Bewegungsfindung zu unterst\u00fctzen und in ihrem pers\u00f6nlichen Ausdruck zu st\u00e4rken.<\/p>\n<p>Ein tieferes Verst\u00e4ndnis und Wissen f\u00fcr Bewegung erfuhr ich in der Ausbildung zur P\u00e4dagogin f\u00fcr fr\u00fchkindliche Bewegungsentwicklung, IDME, basierend auf den Prinzipien von Body-Mind Centering\u00ae. Hier erlebte ich den Ursprung von Bewegung und die Bedeutung des ersten Lebensjahres f\u00fcr uns Menschen.<strong>\u00a0\u00a0<\/strong>Mir wurde noch einmal mehr bewusst, wie wichtig das Erleben der einzelnen Bewegungsentwicklungsstufen f\u00fcr eine gute K\u00f6rperhaltung ist. Dieses Erleben<strong>\u00a0<\/strong>ist die Basis f\u00fcr alle weiteren Bewegungen.<\/p>\n<p>Die Essenz meiner K\u00f6rperarbeit basiert auf diesen gewonnenen Erkenntnissen und wird erg\u00e4nzt mit \u00dcbungen aus folgenden Bereichen: Pilates, Feldenkrais, Bartenieff Funda-mentals und Yoga Flow.<\/p>\n<p>In meinen Unterricht flie\u00dft auch meine Leidenschaft f\u00fcr den Afrikanischen Tanz ein.<\/p>\n\n<blockquote>\n<p>Tanzen ist lustbetont, unterst\u00fctzt kreatives Lernen und kann eine Kraftquelle f\u00fcrs Leben sein!<\/p>\n<p><strong>Tanzt Kinder!<\/strong><\/p>\n<\/blockquote>\n\n\n<p><\/p>\n","protected":false},"excerpt":{"rendered":"<p>Kinder bewegen sich sehr fr\u00fch zur Musik. Sie drehen sich, h\u00fcpfen, springen und haben Spa\u00df daran. Es ist ihr erstes eigenes Tanzen. Mir liegt es am Herzen, diese kindliche Freude an der Bewegung auf eine ganz t\u00e4nzerische Art und Weise zu unterst\u00fctzen und zu f\u00f6rdern. Ich m\u00f6chte, dass die Kinder ihr eigenes vorhandenes t\u00e4nzerisches Potential &hellip; <\/p>\n<p class=\"link-more\"><a href=\"https:\/\/tanzt-kinder.de\/\" class=\"more-link\"><span class=\"screen-reader-text\">\u201eStart\u201c<\/span> weiterlesen<\/a><\/p>\n","protected":false},"author":1,"featured_media":0,"parent":0,"menu_order":0,"comment_status":"closed","ping_status":"open","template":"","meta":{"footnotes":""},"jetpack_sharing_enabled":true,"_links":{"self":[{"href":"https:\/\/tanzt-kinder.de\/index.php?rest_route=\/wp\/v2\/pages\/2"}],"collection":[{"href":"https:\/\/tanzt-kinder.de\/index.php?rest_route=\/wp\/v2\/pages"}],"about":[{"href":"https:\/\/tanzt-kinder.de\/index.php?rest_route=\/wp\/v2\/types\/page"}],"author":[{"embeddable":true,"href":"https:\/\/tanzt-kinder.de\/index.php?rest_route=\/wp\/v2\/users\/1"}],"replies":[{"embeddable":true,"href":"https:\/\/tanzt-kinder.de\/index.php?rest_route=%2Fwp%2Fv2%2Fcomments&post=2"}],"version-history":[{"count":5,"href":"https:\/\/tanzt-kinder.de\/index.php?rest_route=\/wp\/v2\/pages\/2\/revisions"}],"predecessor-version":[{"id":140,"href":"https:\/\/tanzt-kinder.de\/index.php?rest_route=\/wp\/v2\/pages\/2\/revisions\/140"}],"wp:attachment":[{"href":"https:\/\/tanzt-kinder.de\/index.php?rest_route=%2Fwp%2Fv2%2Fmedia&parent=2"}],"curies":[{"name":"wp","href":"https:\/\/api.w.org\/{rel}","templated":true}]}}