{"id":215,"date":"2021-05-16T14:04:23","date_gmt":"2021-05-16T14:04:23","guid":{"rendered":"http:\/\/tanzt-kinder.de\/?page_id=215"},"modified":"2021-05-16T16:19:27","modified_gmt":"2021-05-16T16:19:27","slug":"warum-der-seestern","status":"publish","type":"page","link":"https:\/\/tanzt-kinder.de\/?page_id=215","title":{"rendered":"Warum der Seestern?"},"content":{"rendered":"\n<blockquote class=\"wp-block-quote is-layout-flow wp-block-quote-is-layout-flow\"><p>In Bewegungen, die strahlenf\u00f6rmig vom Nabel ausgehen, finden wir bereits das Grundspektrum der Beziehung zwischen den Extremit\u00e4ten, dem Kopf und der Wirbels\u00e4ule. Es ist der mit der Nabelschnur verbundene F\u00f6tus, der seine evolution\u00e4re Entsprechung beim Seestern findet. Von einem Kontrollzentrum aus breiten sich in radialer Symmetrie gleichberechtigt sechs Extremit\u00e4ten aus. Es sind nicht nur Arme und Beine, sondern ist auch die Wirbels\u00e4ule mit Kopf und Stei\u00dfbein, die hier vom Nabel aus integriert wird&#8230; <br>Leonardo da Vincis \u201cMensch des Vitruv\u201d entspricht einem stehenden Seestern. Der Nabel ist das Zentrum des Bilds, von dem aus Arme und Beine sternf\u00f6rmig wegstreben an die Peripherie eines Kreises oder horizontal an den Rand eines Vierecks.<\/p><cite><em>Irene Sieben  | Tanzdrama<\/em><\/cite><\/blockquote>\n\n\n\n<p><br>Der Seestern ist das erste Bewegungsmuster in den Raum. Es verbindet die Mitte mit dem au\u00dfen und umgekehrt. Ein Bewusstsein f\u00fcr das eigene Zentrum entsteht. Es entsteht ein Rhythmus des Ausbreitens und Zusammenziehens. <br>Bei sich bleiben und sich mit der Welt verbinden. Eine Essenz meiner Arbeit.<\/p>\n","protected":false},"excerpt":{"rendered":"<p>In Bewegungen, die strahlenf\u00f6rmig vom Nabel ausgehen, finden wir bereits das Grundspektrum der Beziehung zwischen den Extremit\u00e4ten, dem Kopf und der Wirbels\u00e4ule. Es ist der mit der Nabelschnur verbundene F\u00f6tus, der seine evolution\u00e4re Entsprechung beim Seestern findet. Von einem Kontrollzentrum aus breiten sich in radialer Symmetrie gleichberechtigt sechs Extremit\u00e4ten aus. Es sind nicht nur Arme &hellip; <\/p>\n<p class=\"link-more\"><a href=\"https:\/\/tanzt-kinder.de\/?page_id=215\" class=\"more-link\"><span class=\"screen-reader-text\">\u201eWarum der Seestern?\u201c<\/span> weiterlesen<\/a><\/p>\n","protected":false},"author":1,"featured_media":0,"parent":4,"menu_order":2,"comment_status":"closed","ping_status":"closed","template":"","meta":{"footnotes":""},"jetpack_sharing_enabled":true,"_links":{"self":[{"href":"https:\/\/tanzt-kinder.de\/index.php?rest_route=\/wp\/v2\/pages\/215"}],"collection":[{"href":"https:\/\/tanzt-kinder.de\/index.php?rest_route=\/wp\/v2\/pages"}],"about":[{"href":"https:\/\/tanzt-kinder.de\/index.php?rest_route=\/wp\/v2\/types\/page"}],"author":[{"embeddable":true,"href":"https:\/\/tanzt-kinder.de\/index.php?rest_route=\/wp\/v2\/users\/1"}],"replies":[{"embeddable":true,"href":"https:\/\/tanzt-kinder.de\/index.php?rest_route=%2Fwp%2Fv2%2Fcomments&post=215"}],"version-history":[{"count":5,"href":"https:\/\/tanzt-kinder.de\/index.php?rest_route=\/wp\/v2\/pages\/215\/revisions"}],"predecessor-version":[{"id":224,"href":"https:\/\/tanzt-kinder.de\/index.php?rest_route=\/wp\/v2\/pages\/215\/revisions\/224"}],"up":[{"embeddable":true,"href":"https:\/\/tanzt-kinder.de\/index.php?rest_route=\/wp\/v2\/pages\/4"}],"wp:attachment":[{"href":"https:\/\/tanzt-kinder.de\/index.php?rest_route=%2Fwp%2Fv2%2Fmedia&parent=215"}],"curies":[{"name":"wp","href":"https:\/\/api.w.org\/{rel}","templated":true}]}}