{"id":32,"date":"2020-06-24T14:20:56","date_gmt":"2020-06-24T14:20:56","guid":{"rendered":"http:\/\/tanzt-kinder.de\/?page_id=32"},"modified":"2021-04-27T14:19:31","modified_gmt":"2021-04-27T14:19:31","slug":"tanz-fuer-erwachsene","status":"publish","type":"page","link":"https:\/\/tanzt-kinder.de\/?page_id=32","title":{"rendered":"Tanzen erleben f\u00fcr Erwachsene"},"content":{"rendered":"\n<p><strong>AFRIKANISCH TANZEN\u2026&nbsp;<\/strong>Mein afrikanischer Tanzunterricht ist beeinflusst von meinen intensiven Tanzerlebnissen mit&nbsp;<a rel=\"noreferrer noopener\" href=\"http:\/\/www.afrikanischer-ausdruckstanz.de\/#\" target=\"_blank\">Brigitte Rumpf<\/a>,&nbsp;<a rel=\"noreferrer noopener\" href=\"http:\/\/www.youtube.com\/watch?v=dKWVuVVOghY\" target=\"_blank\">Koffi K\u00f4k\u00f4<\/a>,&nbsp;<a rel=\"noreferrer noopener\" href=\"http:\/\/vimeo.com\/78821464\" target=\"_blank\">Elsa Wolliaston<\/a> und&nbsp;<a rel=\"noreferrer noopener\" href=\"http:\/\/www.youtube.com\/watch?v=DHlJM1L70tg\" target=\"_blank\">Achille Acakpo<\/a>. Auf meinen Tanzreisen in den Benin mit Koffi K\u00f4k\u00f4 vertieften und verwebten sich meine Tanzkenntnisse.&nbsp;<\/p>\n\n\n\n<p>W\u00e4hrend meiner IDME Ausbildung (P\u00e4dagogin f\u00fcr fr\u00fchkindliche Bewegungsentwicklung ) habe ich entdeckt, da\u00df Body-Mind Centering* eine wunderbare Basis f\u00fcr den afrikanischen Tanz sein kann. Diese Erfahrungen m\u00f6chte ich mit Euch teilen und Zusammenh\u00e4nge erforschen, die unterst\u00fctzend f\u00fcr den Afrikanischen Tanz sein k\u00f6nnen. Im Mittelteil tanzen wir festgelegte Schrittfolgen, die von Wolfram Blechner musikalisch begleitet werden. Bestandteil meines Unterrichts ist immer ein Bodentraining (Pilates\/Yoga), mal zu Beginn, mal am Ende der 3 Stunden.<\/p>\n\n\n\n<p><strong>Ich m\u00f6chte mit euch tanzen, tanzen, tanzen\u2026.&nbsp;<\/strong>zu Lieblingsliedern und Live Percussion.<\/p>\n\n\n\n<blockquote class=\"wp-block-quote is-layout-flow wp-block-quote-is-layout-flow\"><p>Ich sehe den Tanz als Teil unseres Lebens. Er ist heilsam, lustvoll, kraftvoll, Gebet an die G\u00f6tter&#8230; <br>Alles im Leben ist Tanz.<\/p><cite><em>Koffi K\u00f4k\u00f4, Benin 2010<\/em><\/cite><\/blockquote>\n\n\n\n<p><\/p>\n\n\n\n<p class=\"has-small-font-size\">* Body-Mind Centering wurde von Bonnie Bainbridge Cohen Anfang der 1970er Jahre in den USA entwickelt und erforscht K\u00f6rpersysteme und Gedankenprozesse mittels Ber\u00fchrung, Neubildung von K\u00f6rpermustern sowie angewandter Anatomie und Physiologie.&nbsp;<br>Es regt so eine differenzierte K\u00f6rperwahrnehmung des Selbst und eine Entwicklung gesunder Bewegungsmuster an. (Impulstanz 2013)<\/p>\n","protected":false},"excerpt":{"rendered":"<p>AFRIKANISCH TANZEN\u2026&nbsp;Mein afrikanischer Tanzunterricht ist beeinflusst von meinen intensiven Tanzerlebnissen mit&nbsp;Brigitte Rumpf,&nbsp;Koffi K\u00f4k\u00f4,&nbsp;Elsa Wolliaston und&nbsp;Achille Acakpo. Auf meinen Tanzreisen in den Benin mit Koffi K\u00f4k\u00f4 vertieften und verwebten sich meine Tanzkenntnisse.&nbsp; W\u00e4hrend meiner IDME Ausbildung (P\u00e4dagogin f\u00fcr fr\u00fchkindliche Bewegungsentwicklung ) habe ich entdeckt, da\u00df Body-Mind Centering* eine wunderbare Basis f\u00fcr den afrikanischen Tanz sein kann. &hellip; <\/p>\n<p class=\"link-more\"><a href=\"https:\/\/tanzt-kinder.de\/?page_id=32\" class=\"more-link\"><span class=\"screen-reader-text\">\u201eTanzen erleben f\u00fcr Erwachsene\u201c<\/span> weiterlesen<\/a><\/p>\n","protected":false},"author":1,"featured_media":69,"parent":6,"menu_order":7,"comment_status":"closed","ping_status":"closed","template":"","meta":{"footnotes":""},"jetpack_sharing_enabled":true,"_links":{"self":[{"href":"https:\/\/tanzt-kinder.de\/index.php?rest_route=\/wp\/v2\/pages\/32"}],"collection":[{"href":"https:\/\/tanzt-kinder.de\/index.php?rest_route=\/wp\/v2\/pages"}],"about":[{"href":"https:\/\/tanzt-kinder.de\/index.php?rest_route=\/wp\/v2\/types\/page"}],"author":[{"embeddable":true,"href":"https:\/\/tanzt-kinder.de\/index.php?rest_route=\/wp\/v2\/users\/1"}],"replies":[{"embeddable":true,"href":"https:\/\/tanzt-kinder.de\/index.php?rest_route=%2Fwp%2Fv2%2Fcomments&post=32"}],"version-history":[{"count":6,"href":"https:\/\/tanzt-kinder.de\/index.php?rest_route=\/wp\/v2\/pages\/32\/revisions"}],"predecessor-version":[{"id":205,"href":"https:\/\/tanzt-kinder.de\/index.php?rest_route=\/wp\/v2\/pages\/32\/revisions\/205"}],"up":[{"embeddable":true,"href":"https:\/\/tanzt-kinder.de\/index.php?rest_route=\/wp\/v2\/pages\/6"}],"wp:featuredmedia":[{"embeddable":true,"href":"https:\/\/tanzt-kinder.de\/index.php?rest_route=\/wp\/v2\/media\/69"}],"wp:attachment":[{"href":"https:\/\/tanzt-kinder.de\/index.php?rest_route=%2Fwp%2Fv2%2Fmedia&parent=32"}],"curies":[{"name":"wp","href":"https:\/\/api.w.org\/{rel}","templated":true}]}}

Tanzen erleben für Erwachsene

<p><strong>AFRIKANISCH TANZEN…&nbsp;</strong>Mein afrikanischer Tanzunterricht ist beeinflusst von meinen intensiven Tanzerlebnissen mit&nbsp;<a rel="noreferrer noopener" href="http://www.afrikanischer-ausdruckstanz.de/#" target="_blank">Brigitte Rumpf</a>,&nbsp;<a rel="noreferrer noopener" href="http://www.youtube.com/watch?v=dKWVuVVOghY" target="_blank">Koffi Kôkô</a>,&nbsp;<a rel="noreferrer noopener" href="http://vimeo.com/78821464" target="_blank">Elsa Wolliaston</a> und&nbsp;<a rel="noreferrer noopener" href="http://www.youtube.com/watch?v=DHlJM1L70tg" target="_blank">Achille Acakpo</a>. Auf meinen Tanzreisen in den Benin mit Koffi Kôkô vertieften und verwebten sich meine Tanzkenntnisse.&nbsp;</p>



<p>Während meiner IDME Ausbildung (Pädagogin für frühkindliche Bewegungsentwicklung ) habe ich entdeckt, daß Body-Mind Centering* eine wunderbare Basis für den afrikanischen Tanz sein kann. Diese Erfahrungen möchte ich mit Euch teilen und Zusammenhänge erforschen, die unterstützend für den Afrikanischen Tanz sein können. Im Mittelteil tanzen wir festgelegte Schrittfolgen, die von Wolfram Blechner musikalisch begleitet werden. Bestandteil meines Unterrichts ist immer ein Bodentraining (Pilates/Yoga), mal zu Beginn, mal am Ende der 3 Stunden.</p>



<p><strong>Ich möchte mit euch tanzen, tanzen, tanzen….&nbsp;</strong>zu Lieblingsliedern und Live Percussion.</p>



<blockquote class="wp-block-quote is-layout-flow wp-block-quote-is-layout-flow"><p>Ich sehe den Tanz als Teil unseres Lebens. Er ist heilsam, lustvoll, kraftvoll, Gebet an die Götter&#8230; <br>Alles im Leben ist Tanz.</p><cite><em>Koffi Kôkô, Benin 2010</em></cite></blockquote>



<p></p>



<p class="has-small-font-size">* Body-Mind Centering wurde von Bonnie Bainbridge Cohen Anfang der 1970er Jahre in den USA entwickelt und erforscht Körpersysteme und Gedankenprozesse mittels Berührung, Neubildung von Körpermustern sowie angewandter Anatomie und Physiologie.&nbsp;<br>Es regt so eine differenzierte Körperwahrnehmung des Selbst und eine Entwicklung gesunder Bewegungsmuster an. (Impulstanz 2013)</p>

<p>AFRIKANISCH TANZEN…&nbsp;Mein afrikanischer Tanzunterricht ist beeinflusst von meinen intensiven Tanzerlebnissen mit&nbsp;Brigitte Rumpf,&nbsp;Koffi Kôkô,&nbsp;Elsa Wolliaston und&nbsp;Achille Acakpo. Auf meinen Tanzreisen in den Benin mit Koffi Kôkô vertieften und verwebten sich meine Tanzkenntnisse.&nbsp; Während meiner IDME Ausbildung (Pädagogin für frühkindliche Bewegungsentwicklung ) habe ich entdeckt, daß Body-Mind Centering* eine wunderbare Basis für den afrikanischen Tanz sein kann. &hellip; </p>
<p class="link-more"><a href="https://tanzt-kinder.de/?page_id=32" class="more-link"><span class="screen-reader-text">„Tanzen erleben für Erwachsene“</span> weiterlesen</a></p>
